{"id":976,"date":"2024-03-11T09:21:05","date_gmt":"2024-03-11T08:21:05","guid":{"rendered":"https:\/\/alimen-t.be\/?page_id=976"},"modified":"2024-03-12T14:32:44","modified_gmt":"2024-03-12T13:32:44","slug":"partenaires","status":"publish","type":"page","link":"https:\/\/alimen-t.be\/index.php\/partenaires\/","title":{"rendered":"Partenaires"},"content":{"rendered":"\t\t<div data-elementor-type=\"wp-page\" data-elementor-id=\"976\" class=\"elementor elementor-976\">\n\t\t\t\t<div class=\"elementor-element elementor-element-617fbcb e-flex e-con-boxed e-con e-parent\" data-id=\"617fbcb\" data-element_type=\"container\" data-settings=\"{&quot;content_width&quot;:&quot;boxed&quot;}\" data-core-v316-plus=\"true\">\n\t\t\t\t\t<div class=\"e-con-inner\">\n\t\t<div class=\"elementor-element elementor-element-a664607 e-con-full e-flex e-con e-child\" data-id=\"a664607\" data-element_type=\"container\" data-settings=\"{&quot;content_width&quot;:&quot;full&quot;}\">\n\t\t\t\t<div class=\"elementor-element elementor-element-c508ff4 elementor-widget elementor-widget-image\" data-id=\"c508ff4\" data-element_type=\"widget\" data-widget_type=\"image.default\">\n\t\t\t\t<div class=\"elementor-widget-container\">\n\t\t\t<style>\/*! elementor - v3.19.0 - 28-02-2024 *\/\n.elementor-widget-image{text-align:center}.elementor-widget-image a{display:inline-block}.elementor-widget-image a img[src$=\".svg\"]{width:48px}.elementor-widget-image img{vertical-align:middle;display:inline-block}<\/style>\t\t\t\t\t\t\t\t\t\t<img decoding=\"async\" width=\"150\" height=\"150\" src=\"https:\/\/alimen-t.be\/wp-content\/uploads\/2020\/05\/logo-banl-150x150.jpg\" class=\"attachment-thumbnail size-thumbnail wp-image-816\" alt=\"\" srcset=\"https:\/\/alimen-t.be\/wp-content\/uploads\/2020\/05\/logo-banl-150x150.jpg 150w, https:\/\/alimen-t.be\/wp-content\/uploads\/2020\/05\/logo-banl-300x300.jpg 300w, https:\/\/alimen-t.be\/wp-content\/uploads\/2020\/05\/logo-banl-768x768.jpg 768w, https:\/\/alimen-t.be\/wp-content\/uploads\/2020\/05\/logo-banl-1024x1024.jpg 1024w, https:\/\/alimen-t.be\/wp-content\/uploads\/2020\/05\/logo-banl.jpg 1200w, https:\/\/alimen-t.be\/wp-content\/uploads\/2020\/05\/logo-banl-100x100.jpg 100w\" sizes=\"(max-width: 150px) 100vw, 150px\" \/>\t\t\t\t\t\t\t\t\t\t\t\t\t<\/div>\n\t\t\t\t<\/div>\n\t\t\t\t<\/div>\n\t\t<div class=\"elementor-element elementor-element-a8416ad e-con-full e-flex e-con e-child\" data-id=\"a8416ad\" data-element_type=\"container\" data-settings=\"{&quot;content_width&quot;:&quot;full&quot;}\">\n\t\t\t\t<div class=\"elementor-element elementor-element-cf7156a elementor-widget elementor-widget-heading\" data-id=\"cf7156a\" data-element_type=\"widget\" data-widget_type=\"heading.default\">\n\t\t\t\t<div class=\"elementor-widget-container\">\n\t\t\t<style>\/*! elementor - v3.19.0 - 28-02-2024 *\/\n.elementor-heading-title{padding:0;margin:0;line-height:1}.elementor-widget-heading .elementor-heading-title[class*=elementor-size-]>a{color:inherit;font-size:inherit;line-height:inherit}.elementor-widget-heading .elementor-heading-title.elementor-size-small{font-size:15px}.elementor-widget-heading .elementor-heading-title.elementor-size-medium{font-size:19px}.elementor-widget-heading .elementor-heading-title.elementor-size-large{font-size:29px}.elementor-widget-heading .elementor-heading-title.elementor-size-xl{font-size:39px}.elementor-widget-heading .elementor-heading-title.elementor-size-xxl{font-size:59px}<\/style><h2 class=\"elementor-heading-title elementor-size-default\">Banque Alimentaire Namur-Luxembourg<\/h2>\t\t<\/div>\n\t\t\t\t<\/div>\n\t\t\t\t<\/div>\n\t\t\t\t\t<\/div>\n\t\t\t\t<\/div>\n\t\t<div class=\"elementor-element elementor-element-910c513 e-flex e-con-boxed e-con e-parent\" data-id=\"910c513\" data-element_type=\"container\" data-settings=\"{&quot;content_width&quot;:&quot;boxed&quot;}\" data-core-v316-plus=\"true\">\n\t\t\t\t\t<div class=\"e-con-inner\">\n\t\t<div class=\"elementor-element elementor-element-5017bcd e-con-full e-flex e-con e-child\" data-id=\"5017bcd\" data-element_type=\"container\" data-settings=\"{&quot;content_width&quot;:&quot;full&quot;}\">\n\t\t\t\t<div class=\"elementor-element elementor-element-92d0215 elementor-widget elementor-widget-image\" data-id=\"92d0215\" data-element_type=\"widget\" data-widget_type=\"image.default\">\n\t\t\t\t<div class=\"elementor-widget-container\">\n\t\t\t\t\t\t\t\t\t\t\t\t\t<img decoding=\"async\" width=\"150\" height=\"150\" src=\"https:\/\/alimen-t.be\/wp-content\/uploads\/2020\/05\/640px-Flag_of_Europe.svg-300x200-2-150x150.png\" class=\"attachment-thumbnail size-thumbnail wp-image-821\" alt=\"\" srcset=\"https:\/\/alimen-t.be\/wp-content\/uploads\/2020\/05\/640px-Flag_of_Europe.svg-300x200-2-150x150.png 150w, https:\/\/alimen-t.be\/wp-content\/uploads\/2020\/05\/640px-Flag_of_Europe.svg-300x200-2-100x100.png 100w\" sizes=\"(max-width: 150px) 100vw, 150px\" \/>\t\t\t\t\t\t\t\t\t\t\t\t\t<\/div>\n\t\t\t\t<\/div>\n\t\t\t\t<\/div>\n\t\t<div class=\"elementor-element elementor-element-9bfce0b e-con-full e-flex e-con e-child\" data-id=\"9bfce0b\" data-element_type=\"container\" data-settings=\"{&quot;content_width&quot;:&quot;full&quot;}\">\n\t\t\t\t<div class=\"elementor-element elementor-element-dff0b0d elementor-widget elementor-widget-heading\" data-id=\"dff0b0d\" data-element_type=\"widget\" data-widget_type=\"heading.default\">\n\t\t\t\t<div class=\"elementor-widget-container\">\n\t\t\t<h2 class=\"elementor-heading-title elementor-size-default\">Fonds FEAD Europ\u00e9ens<\/h2>\t\t<\/div>\n\t\t\t\t<\/div>\n\t\t\t\t<\/div>\n\t\t\t\t\t<\/div>\n\t\t\t\t<\/div>\n\t\t<div class=\"elementor-element elementor-element-a18e7ed e-flex e-con-boxed e-con e-parent\" data-id=\"a18e7ed\" data-element_type=\"container\" data-settings=\"{&quot;content_width&quot;:&quot;boxed&quot;}\" data-core-v316-plus=\"true\">\n\t\t\t\t\t<div class=\"e-con-inner\">\n\t\t<div class=\"elementor-element elementor-element-3bff3a0 e-con-full e-flex e-con e-child\" data-id=\"3bff3a0\" data-element_type=\"container\" data-settings=\"{&quot;content_width&quot;:&quot;full&quot;}\">\n\t\t\t\t<div class=\"elementor-element elementor-element-f9593ea elementor-widget elementor-widget-image\" data-id=\"f9593ea\" data-element_type=\"widget\" data-widget_type=\"image.default\">\n\t\t\t\t<div class=\"elementor-widget-container\">\n\t\t\t\t\t\t\t\t\t\t\t\t\t<img decoding=\"async\" width=\"150\" height=\"150\" src=\"https:\/\/alimen-t.be\/wp-content\/uploads\/2020\/05\/1200px-CAP48_logo.svg_-150x150.png\" class=\"attachment-thumbnail size-thumbnail wp-image-817\" alt=\"\" srcset=\"https:\/\/alimen-t.be\/wp-content\/uploads\/2020\/05\/1200px-CAP48_logo.svg_-150x150.png 150w, https:\/\/alimen-t.be\/wp-content\/uploads\/2020\/05\/1200px-CAP48_logo.svg_-100x100.png 100w\" sizes=\"(max-width: 150px) 100vw, 150px\" \/>\t\t\t\t\t\t\t\t\t\t\t\t\t<\/div>\n\t\t\t\t<\/div>\n\t\t\t\t<\/div>\n\t\t<div class=\"elementor-element elementor-element-f63a68d e-con-full e-flex e-con e-child\" data-id=\"f63a68d\" data-element_type=\"container\" data-settings=\"{&quot;content_width&quot;:&quot;full&quot;}\">\n\t\t\t\t<div class=\"elementor-element elementor-element-8867e93 elementor-widget elementor-widget-heading\" data-id=\"8867e93\" data-element_type=\"widget\" data-widget_type=\"heading.default\">\n\t\t\t\t<div class=\"elementor-widget-container\">\n\t\t\t<h2 class=\"elementor-heading-title elementor-size-default\">Organisation de solidarit\u00e9 de la RTBF<\/h2>\t\t<\/div>\n\t\t\t\t<\/div>\n\t\t\t\t<\/div>\n\t\t\t\t\t<\/div>\n\t\t\t\t<\/div>\n\t\t<div class=\"elementor-element elementor-element-f425607 e-flex e-con-boxed e-con e-parent\" data-id=\"f425607\" data-element_type=\"container\" data-settings=\"{&quot;content_width&quot;:&quot;boxed&quot;}\" data-core-v316-plus=\"true\">\n\t\t\t\t\t<div class=\"e-con-inner\">\n\t\t<div class=\"elementor-element elementor-element-5583f6a e-con-full e-flex e-con e-child\" data-id=\"5583f6a\" data-element_type=\"container\" data-settings=\"{&quot;content_width&quot;:&quot;full&quot;}\">\n\t\t\t\t<div class=\"elementor-element elementor-element-cde1ec4 elementor-widget elementor-widget-image\" data-id=\"cde1ec4\" data-element_type=\"widget\" data-widget_type=\"image.default\">\n\t\t\t\t<div class=\"elementor-widget-container\">\n\t\t\t\t\t\t\t\t\t\t\t\t\t<img loading=\"lazy\" decoding=\"async\" width=\"150\" height=\"150\" src=\"https:\/\/alimen-t.be\/wp-content\/uploads\/2020\/05\/1200px-Logo_Wallonie.svg_-150x150.png\" class=\"attachment-thumbnail size-thumbnail wp-image-820\" alt=\"\" srcset=\"https:\/\/alimen-t.be\/wp-content\/uploads\/2020\/05\/1200px-Logo_Wallonie.svg_-150x150.png 150w, https:\/\/alimen-t.be\/wp-content\/uploads\/2020\/05\/1200px-Logo_Wallonie.svg_-1200x1200.png 1200w, https:\/\/alimen-t.be\/wp-content\/uploads\/2020\/05\/1200px-Logo_Wallonie.svg_-100x100.png 100w\" sizes=\"(max-width: 150px) 100vw, 150px\" \/>\t\t\t\t\t\t\t\t\t\t\t\t\t<\/div>\n\t\t\t\t<\/div>\n\t\t\t\t<\/div>\n\t\t<div class=\"elementor-element elementor-element-39a1153 e-con-full e-flex e-con e-child\" data-id=\"39a1153\" data-element_type=\"container\" data-settings=\"{&quot;content_width&quot;:&quot;full&quot;}\">\n\t\t\t\t<div class=\"elementor-element elementor-element-e68ceb6 elementor-widget elementor-widget-heading\" data-id=\"e68ceb6\" data-element_type=\"widget\" data-widget_type=\"heading.default\">\n\t\t\t\t<div class=\"elementor-widget-container\">\n\t\t\t<h2 class=\"elementor-heading-title elementor-size-default\">R\u00e9gion Wallonne<\/h2>\t\t<\/div>\n\t\t\t\t<\/div>\n\t\t\t\t<\/div>\n\t\t\t\t\t<\/div>\n\t\t\t\t<\/div>\n\t\t<div class=\"elementor-element elementor-element-f7a87b3 e-flex e-con-boxed e-con e-parent\" data-id=\"f7a87b3\" data-element_type=\"container\" data-settings=\"{&quot;content_width&quot;:&quot;boxed&quot;}\" data-core-v316-plus=\"true\">\n\t\t\t\t\t<div class=\"e-con-inner\">\n\t\t<div class=\"elementor-element elementor-element-e227745 e-con-full e-flex e-con e-child\" data-id=\"e227745\" data-element_type=\"container\" data-settings=\"{&quot;content_width&quot;:&quot;full&quot;}\">\n\t\t\t\t<div class=\"elementor-element elementor-element-f2a4822 elementor-widget elementor-widget-image\" data-id=\"f2a4822\" data-element_type=\"widget\" data-widget_type=\"image.default\">\n\t\t\t\t<div class=\"elementor-widget-container\">\n\t\t\t\t\t\t\t\t\t\t\t\t\t<img loading=\"lazy\" decoding=\"async\" width=\"150\" height=\"150\" src=\"https:\/\/alimen-t.be\/wp-content\/uploads\/2020\/05\/Loterie-150x150.jpg\" class=\"attachment-thumbnail size-thumbnail wp-image-822\" alt=\"\" srcset=\"https:\/\/alimen-t.be\/wp-content\/uploads\/2020\/05\/Loterie-150x150.jpg 150w, https:\/\/alimen-t.be\/wp-content\/uploads\/2020\/05\/Loterie-100x100.jpg 100w\" sizes=\"(max-width: 150px) 100vw, 150px\" \/>\t\t\t\t\t\t\t\t\t\t\t\t\t<\/div>\n\t\t\t\t<\/div>\n\t\t\t\t<\/div>\n\t\t<div class=\"elementor-element elementor-element-78f95cd e-con-full e-flex e-con e-child\" data-id=\"78f95cd\" data-element_type=\"container\" data-settings=\"{&quot;content_width&quot;:&quot;full&quot;}\">\n\t\t\t\t<div class=\"elementor-element elementor-element-849971d elementor-widget elementor-widget-heading\" data-id=\"849971d\" data-element_type=\"widget\" data-widget_type=\"heading.default\">\n\t\t\t\t<div class=\"elementor-widget-container\">\n\t\t\t<h2 class=\"elementor-heading-title elementor-size-default\">Loterie Nationale<\/h2>\t\t<\/div>\n\t\t\t\t<\/div>\n\t\t\t\t<\/div>\n\t\t\t\t\t<\/div>\n\t\t\t\t<\/div>\n\t\t\t\t<\/div>\n\t\t","protected":false},"excerpt":{"rendered":"<p>Banque Alimentaire Namur-Luxembourg Fonds FEAD Europ\u00e9ens Organisation de solidarit\u00e9 de la RTBF R\u00e9gion Wallonne Loterie Nationale<\/p>\n","protected":false},"author":1,"featured_media":0,"parent":0,"menu_order":0,"comment_status":"closed","ping_status":"closed","template":"","meta":{"footnotes":""},"_links":{"self":[{"href":"https:\/\/alimen-t.be\/index.php\/wp-json\/wp\/v2\/pages\/976"}],"collection":[{"href":"https:\/\/alimen-t.be\/index.php\/wp-json\/wp\/v2\/pages"}],"about":[{"href":"https:\/\/alimen-t.be\/index.php\/wp-json\/wp\/v2\/types\/page"}],"author":[{"embeddable":true,"href":"https:\/\/alimen-t.be\/index.php\/wp-json\/wp\/v2\/users\/1"}],"replies":[{"embeddable":true,"href":"https:\/\/alimen-t.be\/index.php\/wp-json\/wp\/v2\/comments?post=976"}],"version-history":[{"count":4,"href":"https:\/\/alimen-t.be\/index.php\/wp-json\/wp\/v2\/pages\/976\/revisions"}],"predecessor-version":[{"id":1104,"href":"https:\/\/alimen-t.be\/index.php\/wp-json\/wp\/v2\/pages\/976\/revisions\/1104"}],"wp:attachment":[{"href":"https:\/\/alimen-t.be\/index.php\/wp-json\/wp\/v2\/media?parent=976"}],"curies":[{"name":"wp","href":"https:\/\/api.w.org\/{rel}","templated":true}]}}